 = -16*p - 8*p - 19 + p**2 + 22*p + 10. Suppose 2*m = -2*f + 22, 2*f + 5 = 3*m - 8. Give q(m).
26
Suppose 5*y - q = 246, -2*y - 2*q + 158 = y. Let n be ((-86)/(-6) + -1)*60/y. Suppose -3*t + n = -2. Let o(s) = s**2 - 5*s - 2. Determine o(t).
4
Let d(b) = -b**2 - 6*b - 3. Let l be (-4 - -6) + (-6)/(-3). Suppose 18 = -l*x + 7*x. Suppose x*c + 15 = 3*c. Determine d(c).
2
Let m(b) be the first derivative of 2 + 3/2*b**2 + 1/4*b**4 - 2*b - 5/3*b**3. What is m(3)?
-11
Let q(k) = -14*k + 74. Let g(n) = 5*n - 26. Let z(w) = -17*g(w) - 6*q(w). Let o be ((-3)/6)/((-1)/(-2)). Let i = o - -6. Determine z(i).
-7
Let m(v) = -v**3 - 15*v**2 - 6*v - 66. Let n be m(-15). Suppose 0 = 9*h - 13*h + n. Let k(i) = i**3 - 7*i**2 + 4*i + 6. Give k(h).
-6
Let i(b) = b**3 + 6*b**2 + 1. Let o be 196/(-2)*3/(-6). Let d = o - 55. Give i(d).
1
Let p(y) = 10*y - 109. Let d(f) = -89*f + 9533. Let c be d(107). Give p(c).
-9
Let x(m) = 8*m - 3*m - 1262290 + 1262245. Determine x(9).
0
Let a(q) be the third derivative of 38*q**2 - 4/15*q**5 + 0*q + 1/24*q**4 + 0 + 0*q**3. Calculate a(1).
-15
Let n(x) be the third derivative of -x**7/2520 + x**6/180 - x**5/30 - 43*x**4/24 + 65*x**2. Let d(l) be the second derivative of n(l). Calculate d(5).
-9
Let i(w) = w - 5. Suppose -x - 4*j + 13 = 5, -16 = -2*x - 4*j. Suppose 0 = 6*h + x*h - 98. Give i(h).
2
Let c(x) be the first derivative of 1/2*x**2 + 7*x - 69. What is c(-6)?
1
Let t(l) = 4*l**2 + 46*l + 28. Let g be t(-11). Let v(m) = -m**2 + 14*m - 56. Give v(g).
-8
Suppose -4*w + 4 = -4, -2*z + 5*w + 54 = 0. Suppose 0 = -z*h + 7*h + 200. Let k(l) = -l**3 + 8*l**2 + l - 8. Determine k(h).
0
Let x(l) = l**2 - 16*l - 17. Let k be (1 + 19 + 1)*(-187)/561. Calculate x(k).
144
Let b(s) = -s**2 + 4*s + 251. Let n be 88/88*(-1)/3*54/(-1). Calculate b(n).
-1
Let o(x) = -3*x**2 + 3*x - 2. Suppose 3 - 7 = 2*h. Let k(c) be the first derivative of -4*c**3/3 + 2*c**2 - 2*c - 2. Let a(f) = h*k(f) + 3*o(f). What is a(3)?
-8
Let d = 24 + -86. Let u = -10 + d. Let s = 61 + u. Let q(r) = r**2 + 12*r + 15. Give q(s).
4
Let w(h) = -2*h**2 - 1. Let k(p) = 7*p**2 - 9*p - 4. Let u(a) = -k(a) - 2*w(a). Calculate u(4).
-6
Let u = -177 - -179. Let r(i) = 3*i + i**3 - 5 + 5*i**2 + 12*i**u - 11*i**2. What is r(-4)?
15
Let k(d) = 59*d**2 - 25*d + 5. Let t(f) = 132*f**2 - 56*f + 10. Let m(c) = -9*k(c) + 4*t(c). What is m(-3)?
-35
Let m = -4 - -5. Let j(l) = -42*l**2 - 3. Let s(k) = -22*k**2 - 2. Let f(o) = 3*j(o) - 5*s(o). Calculate f(m).
-15
Let l(s) = -30*s + 32*s - s**2 + 2*s**3 - 4*s**2 - 3*s**3 - 19. Let v be l(-6). Let t(z) = z**2 - 2*z + 2. What is t(v)?
17
Let q(w) = 10*w**2 + 13*w**3 + 18*w**3 - 21*w**3 + 10 - 59*w - 9*w**3. Give q(4).
-2
Let q(x) = -41*x + 44. Suppose 0 = -3*h - 8*h - 4*y + 15, -3*h + 8 = 5*y. Calculate q(h).
3
Suppose -5*o + 27 + 3 = 0. Let y = -265 - -390. Let f(k) = -29*k - 38*k - 32*k + y*k + 1 - 27*k. Give f(o).
-5
Let j = -51 + 53. Suppose 16 = j*g - 4*f, 4 - 19 = -3*g + 3*f. Suppose 9*u - 21 = g*u. Let x(b) = -3*b - 4. What is x(u)?
-13
Let h(c) = c**2 + 13*c + 5. Suppose 0 = -r - 4*z - 19, 0*r = r - z - 1. Let q be (1008/34)/r - 70/595. Give h(q).
-25
Let b(c) = -20824*c + 20826*c - 11 - 9. Determine b(6).
-8
Let s(g) = g**3 - 6*g**2 - 8*g + 6. Let u(j) = -j**3 + 7*j**2 - 2*j - 10. Let v be u(2). Determine s(v).
-42
Let u(f) = f**2 - 5*f - 133. Let n be u(14). Let w(h) = -h**3 - 9*h**2 - 12*h + 29. Give w(n).
15
Let p(j) = 358*j - 606. Let f(b) = -329*b + 603. Let l(q) = -9*f(q) - 8*p(q). Calculate l(6).
3
Suppose 0 = 4*n + 2*p - 44, -23*n - 4*p + 43 = -20*n. Let r(u) be the first derivative of 2*u - 1/2*u**2 - 1/4*u**4 + 1/3*u**3 + n. Determine r(2).
-4
Let w(u) = -51*u + 34. Let q be w(-2). Suppose -11*a + q = 114. Let y(t) = -t**3 + 2*t**2 - 3*t + 1. Calculate y(a).
-5
Suppose 0 = -3*a + 2*w + 38, 5*w - 15 = -3*a + 16. Let g(f) = -1 + 11*f**2 + a*f**2 - 22*f**2 + 20*f**3. Suppose 0 = -7*b - 361 + 368. Calculate g(b).
20
Let c(i) = 4*i - 25. Let g be c(8). Let l(a) = a - 3. Let k be l(g). Suppose -k*y - 9 = -2*m + 1, 4*y + m = -13. Let d(j) = -j**2 + 4. What is d(y)?
-5
Let g(u) = 9*u - 3*u - 4 + 5*u - 12*u. Let c = 162 - 165. Determine g(c).
-1
Let p(n) = 75*n - 6259 - 10*n + 6260 + 20*n + 7*n**2. Determine p(-12).
-11
Let k be (30/(-9)*(-90)/(-24))/((-4)/8). Let l(t) = -7*t + 176. Calculate l(k).
1
Let u be 3 - (((-168)/12 - -5) + 39). Let w(d) = 2*d**2 + 58*d + 102. Give w(u).
-6
Suppose -16*l = -0*l + 7*l - 92. Let o(k) = k - k**2 - 2 + 0*k + 7. Calculate o(l).
-7
Suppose -6 = -2*n - 0*n. Let p(y) be the second derivative of -1/6*y**4 + 2*y**2 - 157*y + 0 + 1/2*y**3. What is p(n)?
-5
Let p(y) = 5*y - 4*y + 53 - 2*y**2 + 0*y**2 + 4*y - 43. Give p(8).
-78
Let o(x) = 117*x**2 + 40*x - 167. Let h(i) = -67*i**2 - 20*i + 83. Let k(j) = -7*h(j) - 4*o(j). Give k(11).
-12
Let u(s) be the third derivative of -s**4/24 + s**3/6 + 2*s**2 + 16*s - 56. Suppose -24 = -3*t + 12. Let q = t + -9. Determine u(q).
-2
Let a be ((-3)/9)/(1/(-96)). Let m be (0 - 12)*(-136)/a. Let o(h) = -95*h + 45*h + m*h - 6*h**3 + h**2. Give o(-1).
6
Let i(g) = -64*g - 124. Let l be i(-5). Suppose 9*t - l = -214. Let z(b) = 5*b + 5. What is z(t)?
-5
Let i be (-5)/(-3) - (-2)/(-12)*-2. Let s(z) = 0*z**2 + 37*z - 2*z**2 - 20*z - 21*z + 4. Let q(h) = -h**2 - 4*h + 3. Let l(m) = 3*q(m) - 2*s(m). Determine l(i).
-3
Let x(y) be the second derivative of -y**5/20 + 11*y**4/12 + 5*y**2/2 + y. Let b(o) = 2*o**3 + 12*o**2 - 20*o - 31. Let n be b(-7). Calculate x(n).
5
Suppose -3*y + 3*i = 0, 5*y - i = 2*i. Suppose -4*n - 309 + 73 = y. Let o = -54 - n. Let f(a) = -a**2 + 3*a + 7. Determine f(o).
-3
Let w be ((-63)/12)/(-7) - 212/(-16). Suppose -w*i + 8 + 48 = 0. Let f(l) = 2*l**2 - 7*l + 5. Calculate f(i).
9
Let n = 17 - 5. Suppose n*a - 13 = -49. Let h(y) = -y**3 - 2*y**2 - y + 3. Give h(a).
15
Let i(j) = -j**2 + 3*j + 6. Let h be i(4). Suppose -l + 5 = 3*m, 4*m - 2*l - 14 = h*m. Let o(s) = -8*s + 5*s**2 - s**m - 7*s + 0*s**2 + 5 + 17*s. Give o(6).
-19
Let j(y) = -y**3 + 2*y + 1. Suppose -b = -6*b. Let c(x) = 0*x**2 + x**3 - 1 - 2*x + b + 0*x - x**2. Let n(r) = 3*c(r) + 2*j(r). Give n(3).
-7
Let k(i) = i**3 - i**2 - 2*i + 4. Let r = 18542 - 18545. Give k(r).
-26
Let g = 3261 - 3245. Let u(v) = 14*v - 22. Let j(d) = 11*d - 23. Let z(n) = 4*j(n) - 3*u(n). Give z(g).
6
Let d = -48 - -51. Let g(l) be the second derivative of l**4/24 + l**3/2 + 7*l**2/2 - 8*l. Let h(q) be the first derivative of g(q). What is h(d)?
6
Let b(s) be the second derivative of s**4/12 - s**3/3 - 8*s**2 - 898*s + 1. Give b(4).
-8
Let v(i) = 5*i**2 - i + 12 + 0*i + 12 - 29. Let q(p) = 14*p**2 - 4*p - 15. Let a(f) = -4*q(f) + 11*v(f). Give a(4).
9
Let m(z) = -58*z**3 - 4*z + 15*z**3 - 7*z**2 + 18*z**3 + 23*z**3 + 10*z**2. Calculate m(1).
-3
Let c be 4 - (-274)/1233*3/(-2)*12. Let k(u) = -u**3 + u + 14. What is k(c)?
14
Let n(i) be the first derivative of i**5/40 - i**4/3 + 3*i**3 + 75. Let u(j) be the third derivative of n(j). Determine u(3).
1
Let s be (4/(-3))/(17/(-153)). Let b(n) = 11*n - n**3 - 5 - 17*n + s*n**2 - 5*n**2. Calculate b(6).
-5
Let j = 3367 - 3368. Let k(u) = -11*u**3 + u**2 - 2*u - 1. Determine k(j).
13
Let v(m) = 19*m - 12. Let d(i) = 22*i - 12. Let u(o) = 6*d(o) - 7*v(o). Give u(-3).
15
Let i(d) = 13*d**2 + 18*d + 38. Let a be i(-16). Let f be 2*a - (-6 + 1). Let j(x) = f - x - 6161. Determine j(-2).
2
Let f(w) = -w**3 + 3*w**2 + 9*w - 10. Let q(h) = -2*h**2 - 100*h + 5. Let p be q(-50). Give f(p).
-15
Let k(c) be the first derivative of 4*c**2 + 291*c + 4957. Calculate k(-36).
3
Let x(i) = -3*i**2 - 68*i - 48. Suppose -2*p - 5*j = 64 - 5, 0 = p - 5*j + 7. Determine x(p).
-4
Let u(s) = -3*s + 9. Let b(k) = -2*k**3 + 40*k**2 + 37*k + 110. Let v be b(21). Calculate u(v).
-6
Let n(r) = 123*r - 9 + 153*r - 403*r + 126*r + 25. Suppose 5*x - 4 = 66. What is n(x)?
2
Let x(a) be the second derivative of -7/3*a**3 + 0 + 27*a + 1/24*a**4 + 7*a**2. Let m(y) be the first derivative of x(y). Calculate m(9).
-5
Let d(l) be the third derivative of 0 - 2/3*l**3 + 1/15*l**5 + 0*l**4 + 0*l + 8*l**2. Let s(f) be the first derivative of d(f). Calculate s(-2).
-16
Suppose -561*n - 1192 = -569*n. Let t(i) = -3*i**2 + 152 - n + 4*i**2. Give t(-2).
7
Suppose -20*w + 13 - 1 + 28 = 0. Let k(r) be the first 